 - 5*j(k). What is the remainder when 59 is divided by z(19)?
29
Let y = 2496 + -1753. Calculate the remainder when y is divided by 125.
118
Let z(p) = 14*p - 8. What is the remainder when 134 is divided by z(3)?
32
Let p = 2797 + -2749. Let k(i) = i**2 - 2*i + 1. Calculate the remainder when p is divided by k(-4).
23
Let v(c) = 8*c**2 - 3*c + 9. Let w(u) = 7*u**2 - 4*u + 9. Let r(p) = -6*v(p) + 7*w(p). What is the remainder when 25 is divided by r(10)?
7
Let i(y) = y**2 + 26*y + 53. Suppose -2*b = -6*b + 32. What is the remainder when i(-25) is divided by b?
4
Suppose -2*a - 12 = -2*r, -3*r + 2*a + 14 = 1. Suppose -5*x + 62 = 3*k + 10, -r = x. What is the remainder when 72 is divided by k?
15
Suppose -5*s = 20, 0*p + 23 = 5*p - 2*s. Suppose 2*f + 10 = 0, -n - p = 5*f + 3. Let l = -4 + 9. Calculate the remainder when n is divided by l.
4
Let r = 25 + -29. Let g be r/(-18) + (-112)/(-63). Suppose -g*f = 2*f - 24. Calculate the remainder when 17 is divided by f.
5
Let z = 134 + -124. Suppose -b - 4*r + 42 = -49, 0 = -5*b - 2*r + 473. Suppose -2*q = -7*q + b. Calculate the remainder when q is divided by z.
9
Let f(l) = -l**3 + 2*l**2 + 19*l - 11. What is the remainder when 195 is divided by f(5)?
6
Let c(j) = j**2 + 9*j + 5. Let d be c(-9). Let u = d - -1. What is the remainder when 1026/u*(-2)/(-6) is divided by 15?
12
Suppose 0 = -3*t + 4*n - 5*n + 435, -2*t = -n - 295. Calculate the remainder when t is divided by 25.
21
Suppose y = -559 + 1005. What is the remainder when y is divided by 25?
21
Let g = -702 - -720. Calculate the remainder when 87 is divided by g.
15
Suppose 15 = 2*l + 5*t + 3, -8 = -2*l - 4*t. What is the remainder when (-88)/(-16)*-5*8/(-5) is divided by ((-46)/(-3))/(l/(-6))?
21
Suppose -2*c + 0*c - i = -77, 2*c = 5*i + 47. Let g = -1399 + 1470. Calculate the remainder when g is divided by c.
35
Let x(v) = v**3 + v**2 + v + 81. Calculate the remainder when x(0) is divided by 7.
4
Let i(k) = k**2 + k - 6. Let a(x) = x**3 - 2*x**2 + 17*x - 6. What is the remainder when a(4) is divided by i(5)?
22
Suppose -6*r = -4*r - 108. Suppose -4*a + 4 = 0, 2*d - 5*d + 3*a = -r. What is the remainder when d is divided by (-361)/(-38) - (-1)/2?
9
Suppose -738 = -8*i - i. Calculate the remainder when i is divided by 21.
19
Let h = -26 + 29. Let l = h + -2. Calculate the remainder when l + 2 - (-47 + 1) is divided by 13.
10
Let v(d) be the second derivative of 5*d**4/12 + d. What is the remainder when v(-2) is divided by 6?
2
Let k = 4 + -2. What is the remainder when -4 + (3 - 13)*-1 is divided by k?
0
Let i(o) = 7*o + 13. Let z be i(3). Suppose 4*h - 2*a - 246 = 0, -h + 0*a + z = 5*a. Calculate the remainder when h is divided by 20.
19
Let p(t) = -254*t + 1026. Calculate the remainder when 27 + 0 + (-2)/(-2) is divided by p(4).
8
Let m = 45 - 50. Let a = m - -28. Calculate the remainder when 109 is divided by a.
17
Let x(j) = -37*j - 25. What is the remainder when x(-3) is divided by 9?
5
Let j = -77 + 82. Suppose 3*b + 19 = v, -v = -j*v - 5*b + 93. Calculate the remainder when v is divided by 12.
10
Suppose 1091 = 6*h + 269. Calculate the remainder when h is divided by 46.
45
Let w(v) = -v**3 - 7*v**2 - 10*v - 7. Let y be w(-7). Suppose 30 = 3*j - y. Let a = 7 + 1. What is the remainder when j is divided by a?
7
Suppose 3*o + 2*o = 25. Suppose o*a + 4*m = 122, 0 = -a - 0*m - m + 24. Calculate the remainder when 49 is divided by a.
23
Suppose -99 - 6 = -7*v. What is the remainder when 56 is divided by v?
11
Suppose -199 = -8*f - 159. What is the remainder when 22 is divided by f?
2
Let j = -60 + 74. Suppose -j = -9*z + 40. Let d = 29 - 18. What is the remainder when d is divided by z?
5
Let i(o) = -o. Let c be i(-1). Let t(g) = -139*g + 14092. Calculate the remainder when t(101) is divided by c + -3 - (1 - 17).
11
Let l be ((-14)/5)/((-51)/15 + 3). Suppose -l*x + 14*x = 896. Calculate the remainder when x is divided by 26.
24
Suppose -j - 3*b + 35 = 2*b, 4*b = 2*j. Suppose 151 = 3*n + 2*c, -c + 6*c = j. Calculate the remainder when n is divided by 62/6 - 1/3.
9
Suppose -n - 3*n - 4 = 0, -4 = -f + n. Suppose -2*t + 0*w - f*w = -27, t + 3*w = 9. What is the remainder when 179 is divided by t?
17
Let d = -49 + 63. Let z(t) = 17*t - 3. What is the remainder when z(5) is divided by d?
12
Let y(k) be the first derivative of 2*k**3 - k**2/2 - 3*k + 12. Let q be (-2 - 0)/2*-4. Calculate the remainder when y(q) is divided by 23.
20
Suppose -u = -5, 2*v = -3*u - 2*u + 73. Suppose -6 = -v*r + 23*r. Calculate the remainder when 23 is divided by r.
5
Let i = 45 - 13. Let p(z) = -6*z - 7. Calculate the remainder when i is divided by p(-3).
10
Let p(z) = -31*z - 383. Calculate the remainder when p(-17) is divided by 30.
24
Let w be -5*5/(75/(-12)). Suppose w*u - 67 + 11 = 0. Suppose -o + 2*o = u. Calculate the remainder when 53 is divided by o.
11
What is the remainder when (-4)/50 - 67608/(-1350) is divided by (18/(-4))/3*-12?
14
Suppose 0 = 76*q - 3022 - 1386. Let w(p) = 5*p**2 - 3*p + 1. Calculate the remainder when q is divided by w(2).
13
Let m(y) be the first derivative of y**3 + 7*y**2/2 + 6*y - 13. Calculate the remainder when 128 is divided by m(-4).
24
Suppose -3 = -5*s + 2*f, -5*s = -3*f - 2 - 0. What is the remainder when ((-1 - s) + 21)*3 is divided by 20?
17
Let b = -623 + 851. Calculate the remainder when b is divided by 77.
74
Suppose -192 = -8*m + 5*m. What is the remainder when m is divided by 12 + (3 - 0 - 4)?
9
Let b = 2207 - 2159. Calculate the remainder when 165 is divided by b.
21
Suppose 12*t - 4*i = 15*t - 241, t - 93 = 5*i. Calculate the remainder when t is divided by 26.
5
Suppose -2*u + 2*f - 11 - 41 = 0, 4*f - 132 = 5*u. What is the remainder when 15/6*u/(-10) is divided by 5?
2
Suppose 0 = 2*c - 5*q - 103, 4*c + q - 214 = 3*q. Suppose 3*p + 4*u = 2*p + 7, 5*p + u = c. Calculate the remainder when p is divided by 3.
2
Let z = -23 - -14. Let l = 21 + z. What is the remainder when l is divided by 7?
5
Suppose -2*a + 5*g = -9, -10*a - 4*g - 24 = -13*a. What is the remainder when 14 is divided by a?
2
Let j(r) = 10*r - 2. Calculate the remainder when 33 is divided by j(2).
15
Suppose 0 = -x - w + 8, 2*x + w + 0 = 12. Calculate the remainder when (7 + -10 + 6/5)/(1/(-15)) is divided by x.
3
Suppose -z + 1058 = 998. Calculate the remainder when z is divided by 17.
9
Let y = -40 - -82. Let f = -24 + y. Let p = 1034 + -981. What is the remainder when p is divided by f?
17
Let i(u) = u**2 + 7*u - 5. Calculate the remainder when i(-11) is divided by 9.
3
Let v be (0 - 2)*(0 - 8 - 2). Suppose 0*h + 2*h = v. What is the remainder when 15 is divided by h?
5
Suppose b + 0*t = t + 7, 5*t = -b + 19. Let i(w) = 12*w + 51. Calculate the remainder when i(b) is divided by 16.
15
Calculate the remainder when 144 is divided by (46/4)/(6/12).
6
Let p = -266 - -432. What is the remainder when p is divided by 14?
12
Let g(i) = 3*i - 45. What is the remainder when 61 is divided by g(23)?
13
Let d = -283 + 313. Calculate the remainder when 76 is divided by d.
16
Let i = -7 + 10. Suppose 152*p = 137*p + 225. What is the remainder when p is divided by i?
0
Suppose 5*s - 156 + 6 = 0. What is the remainder when 101 is divided by s?
11
Suppose 11*d - 203 = 314. Calculate the remainder when d is divided by 6.
5
Let i(y) = y**2 - 9*y + 23. Let s be i(5). Let q(a) = 2*a**2 - 6*a + 7. What is the remainder when q(s) is divided by (-1 - -3)*4/4?
1
Suppose -2*s - 3*s + 15 = 0. Suppose 70 = 2*x + z + 2*z, s*z = 12. Suppose 2*l + 3*p - 13 = 12, -4*p - x = -3*l. What is the remainder when l is divided by 8?
3
Suppose 830 + 580 = 5*i. Calculate the remainder when i is divided by 22.
18
Let m be (-4)/26 + 5542/26. Let z = -146 + m. Calculate the remainder when z is divided by 17.
16
Suppose 4*m - 20 = -2*h, -25 = -5*m - 2*h + 3*h. What is the remainder when 38 is divided by m?
3
Let d(k) = 20*k**2 - 4*k - 5. Suppose 20 = -5*f + 385. What is the remainder when f is divided by d(-1)?
16
Let c = -13 - -27. Suppose 10*t - 6*t = -4*x + 272, -12 = -3*x. What is the remainder when t is divided by c?
8
Suppose -35*q + 0*q + 175 = 0. Let k(w) = 9*w + 1. What is the remainder when k(1) is divided by q?
0
Let n = 1294 - 1276. What is the remainder when 177 is divided by n?
15